 greatest common divisor of k and z.
1
Let c = -19 - -22. Suppose -c*y = -0*y + 57. Let b = 31 + y. Calculate the highest common factor of 12 and b.
12
Suppose 0 = -5*y + h + 2794, 1901 + 336 = 4*y + h. What is the greatest common factor of y and 13?
13
Let x(u) = -36*u + 122. Let m be x(-8). What is the greatest common factor of 10 and m?
10
Let z = 25 - 17. Let o(h) = -h**3 + 2*h**2 - 3*h + 4. Let v be o(5). Let t = v - -134. What is the highest common factor of z and t?
8
Suppose 5*y = -2*d + 183 + 653, -3*y + 2052 = 5*d. Calculate the greatest common divisor of 24 and d.
24
Let p = 906 - 886. Calculate the highest common divisor of 380 and p.
20
Suppose -5*z = -43 - 32. Let w be 6/z - 358/(-5). Let a = -166 + 174. Calculate the greatest common factor of a and w.
8
Suppose -q - 4 = -3*k, 2*k + 4 = 4*q - 10. Suppose 0 = q*b - 73 + 43. What is the greatest common factor of b and 12?
6
Let m(a) = -a**3 + 2*a**2 + 16*a + 88. Let v be m(-6). Calculate the greatest common factor of v and 90.
10
Suppose 0 = -4*t + 8, 4*q - 2*t - 60 = -4*t. Let y be 2/18 + (-53741)/(-549). What is the highest common divisor of q and y?
14
Suppose b - 1 = 3. Suppose -2515 = b*t - 9*t. Let c = 733 - t. What is the greatest common divisor of 23 and c?
23
Suppose 3*k = 2*k. Suppose -65 + k = -5*c. What is the greatest common divisor of c and 104?
13
Let t(r) = -4*r + 162. Let g be t(27). Calculate the highest common divisor of 12 and g.
6
Let u be 5/(-2)*28/(-2). Let b be (64/36)/8 + (-102)/(-27) + 1. Calculate the greatest common factor of b and u.
5
Let q(i) = -i + 5. Let m be q(3). Let d(o) = -47*o + 4. Let a be d(m). Let g be 9/(-3) - a/5. What is the highest common factor of g and 5?
5
Let i = -252 + 273. Calculate the greatest common factor of 567 and i.
21
Suppose 10*s - 35 = 5*s + l, -45 = -5*s - l. What is the highest common factor of s and 2?
2
Let o(m) = -m**2 - 38*m - 30. Let l be o(-35). What is the highest common divisor of 150 and l?
75
Let z(t) = -t - 14. Let m be z(-14). Let q(l) = l**3 - l**2 - 2*l + 80. Let k be q(m). What is the highest common divisor of k and 10?
10
Suppose z - 21 = -5*f + 28, 0 = -3*f - 2*z + 35. Suppose 13*b = 4*b + 162. Calculate the highest common divisor of f and b.
9
Suppose 5 = -o - 4*o. Let d be (-108)/(-4) - (2 - o). Suppose 4 = 2*v - 0*v, a + 2 = 5*v. Calculate the greatest common divisor of a and d.
8
Let v(t) = 2*t - 87. Let r = -33 - -33. Let l be v(r). Let d = l - -185. Calculate the highest common divisor of 14 and d.
14
Let p = 3935 + -3932. Suppose -62 = -5*b + 43. What is the highest common divisor of b and p?
3
Suppose 30 = 5*w + 3*s, -10 = -2*w - 2*s + 6. Suppose 6*r - 270 = w*r. What is the highest common divisor of 60 and r?
30
Suppose -11*a = 8*a - 1672. What is the highest common divisor of 48 and a?
8
Let y = 6 + 18. Suppose 2*j - 3*i - 19 = 9, -3*j - 4*i = -8. Let p = -5 + j. Calculate the greatest common factor of p and y.
3
Let z = -421 + 619. Let h = 52 - 16. Suppose h = m + m. Calculate the highest common divisor of m and z.
18
Let y = 161 + -149. Suppose 384 = 3*a - 3*x, 124 = 5*a - 4*a - 2*x. Calculate the highest common divisor of a and y.
12
Let r be 2*(-5)/90 - 884/(-18). Calculate the highest common factor of r and 49.
49
Suppose u = -0*u. Let f(j) = j**2 + 39. Let i be f(u). Suppose 0*z = -4*p - 3*z + 67, 51 = 2*p + 5*z. What is the highest common divisor of p and i?
13
Let g = -64 - -76. Calculate the greatest common factor of g and 300.
12
Suppose 0 = -4*q - 5*a + 25, q - 12 = -a - 6. Suppose 36 = 4*g - 2*r, g + 38 = q*g - 3*r. Calculate the highest common divisor of 16 and g.
8
Suppose -245 = -11*q + 195. Calculate the greatest common factor of 10 and q.
10
Suppose -47*a + 168 = -33*a. Calculate the highest common factor of 132 and a.
12
Let n(l) = 3*l - 3*l - 5*l + 4*l - 15. Let c be n(-18). Calculate the greatest common factor of 21 and c.
3
Let w(s) = 3*s**3 + s**2 + s - 2. Let a be w(1). Calculate the greatest common factor of 303 and a.
3
Let j = 74 + -70. Suppose j*b - a = 68, 0*b = 3*b - a - 52. Calculate the highest common divisor of b and 48.
16
Let p(f) be the first derivative of 3*f**2 - 18*f + 2. Let t be p(11). What is the highest common factor of 16 and t?
16
Suppose 2*g = 0, 0*l = -2*l - 2*g - 56. Let q = l - -30. Suppose -2*f = 5*i - 8 - 26, 0 = -q*i + 3*f + 6. Calculate the greatest common factor of 66 and i.
6
Let w = 1068 - 478. Calculate the highest common factor of 10 and w.
10
Let z = 524 + -227. What is the greatest common divisor of 11 and z?
11
Let y be 56/(-3)*6468/(-176). Calculate the greatest common factor of 42 and y.
14
Let l(c) = 3*c - 58. Let u be l(28). Suppose h - 59 = -u. What is the greatest common divisor of 11 and h?
11
Suppose 0 = -0*i - i + 2. Suppose -c + 1 + i = 0. Suppose 4*o = c + 37. Calculate the highest common factor of o and 50.
10
Let p be 2/4 - (46740/24)/(-5). What is the highest common divisor of 52 and p?
26
Suppose -3*o = 3, 2*n - 5*n = -5*o - 29. Let s be 16 + 1 + -2 - (3 - 2). Let v = s - n. What is the greatest common factor of 2 and v?
2
Let p be 2*21*(1 + 1). Suppose -3*n = -2*a + 57, -2*n = -2*a + p - 28. What is the greatest common divisor of 45 and a?
9
Let r(d) = 6*d**2 - d + 6. Let w be r(-6). What is the greatest common factor of w and 76?
76
Suppose -40*n = -303 - 297. What is the highest common factor of n and 63?
3
Suppose -2*m + 0*m - 6 = 5*i, 6 = -3*i - 2*m. Suppose -3*q - 4*s + 217 = i, -3*q - 2*s = -0*s - 221. Calculate the highest common divisor of 30 and q.
15
Suppose -30*y = -31*y + 133. Calculate the highest common factor of y and 14.
7
Suppose -m - 101 + 173 = 0. Let h be 14/(-119) - 6124/(-34). Calculate the highest common factor of h and m.
36
Let w(p) = -10*p + 3. Let g be w(-5). Let b be g - (3/1 + -1). Let m be (3 - 6 - -21) + -1. Calculate the greatest common divisor of m and b.
17
Let b = -49 - -55. Suppose b*l = 4*l + 50. What is the highest common factor of l and 5?
5
Let f be -5*(25/(-75) - 1173/45). Let h be 3*(1 + -2 - -5). What is the highest common divisor of f and h?
12
Let x be (9/21 - 1) + 975/175. Calculate the greatest common divisor of x and 10.
5
Let d(a) = 9*a - 3. Let w be d(-7). Let x be (-11)/w - (-11)/6. Suppose x*v - 20 = -2*v, -3*j + 2 = -5*v. What is the greatest common divisor of 1 and j?
1
Let q = 318 + -52. Let j(a) = -a**2 + 14*a - 7. Let b be j(9). What is the greatest common divisor of b and q?
38
Let b be ((-1926)/(-63))/(1/7). Suppose -5*n = -p + b, n - 2*n - 761 = -4*p. What is the highest common factor of p and 21?
21
Let x = 53 - 54. Let s be (2/3)/(1/(-36)). Let k be -1 - x - 0 - s. Calculate the highest common divisor of 12 and k.
12
Suppose -3*s + 20 = -2*s - 4*c, -20 = -4*s - 4*c. Calculate the greatest common divisor of 216 and s.
8
Let r = -1499 + 1516. What is the greatest common factor of r and 3043?
17
Let v(k) = 3*k + 4. Let y be v(-10). Let c = -12 - y. What is the greatest common divisor of 21 and c?
7
Let l(d) = -d**3 + 14*d**2 + d - 12. Let n be l(12). What is the greatest common factor of 32 and n?
32
Suppose 6*d - 22*d + 304 = 0. Calculate the highest common factor of 1159 and d.
19
Suppose -3*s + 279 = 42. Suppose -5*f + 31 = 4*g - s, 5*f = 4*g + 70. Let o be (-3 + 1 + 47)*1. What is the greatest common divisor of f and o?
9
Let d(u) be the second derivative of u**4/12 + 4*u**3/3 - 9*u**2/2 - 4*u. Let y be d(-9). Suppose y = t + 1 - 5. What is the greatest common divisor of t and 8?
4
Let f(b) = -b**3 + 11*b**2 + 12*b + 7. Let w be f(12). Let s be (1078/(-44))/(1 - w/6). Calculate the highest common factor of s and 42.
21
Suppose 3*t = 4*r + 4, -r - 4*t + 14 = -t. Let u be (-154)/(-21) - r/(-3). What is the greatest common divisor of u and 1?
1
Let i = -198 - -320. Let c be i/14 - (-1 - (-15)/21). Calculate the highest common factor of 9 and c.
9
Let j = 90 + -63. Calculate the greatest common factor of j and 3.
3
Suppose 0 = 2*o + 2*o - 2*b - 1100, 5*o + b = 1375. Suppose m - w = 110, 2*m - 4*w + 86 = 306. What is the greatest common divisor of o and m?
55
Suppose -4*v + 5*v = 4*b - 217, 2*v = -2. Calculate the highest common divisor of b and 30.
6
Suppose 103 = 3*g + 2*g - n, -2*g + 34 = 2*n. Calculate the highest common divisor of g and 60.
20
Let m(b)